e prime factors of 3090841.
13, 18289
List the prime factors of 459697.
7, 17, 3863
What are the prime factors of 360351?
3, 40039
What are the prime factors of 42169644?
2, 3, 11, 83, 1283
What are the prime factors of 37794?
2, 3, 6299
List the prime factors of 599473.
7, 85639
List the prime factors of 18332.
2, 4583
What are the prime factors of 10224993?
3, 3408331
List the prime factors of 30924.
2, 3, 859
What are the prime factors of 787559?
17, 46327
What are the prime factors of 3399268?
2, 97, 8761
What are the prime factors of 289840?
2, 5, 3623
List the prime factors of 53818.
2, 71, 379
List the prime factors of 83960.
2, 5, 2099
What are the prime factors of 453009?
3, 29, 41, 127
What are the prime factors of 2911794?
2, 3, 17, 28547
What are the prime factors of 46416?
2, 3, 967
List the prime factors of 14086945.
5, 2817389
List the prime factors of 3871155.
3, 5, 17, 19, 47
What are the prime factors of 9525874?
2, 1373, 3469
What are the prime factors of 12745543?
367, 34729
What are the prime factors of 1579853?
11, 31, 41, 113
What are the prime factors of 561423?
3, 187141
List the prime factors of 333639.
3, 1373
List the prime factors of 3815452.
2, 359, 2657
List the prime factors of 1783385.
5, 17, 20981
What are the prime factors of 339924?
2, 3, 13, 2179
List the prime factors of 5867582.
2, 7, 71, 5903
List the prime factors of 3531153.
3, 443, 2657
List the prime factors of 12604720.
2, 5, 157559
List the prime factors of 6219624.
2, 3, 259151
List the prime factors of 541740.
2, 3, 5, 9029
What are the prime factors of 5337061?
5337061
What are the prime factors of 793367?
137, 5791
What are the prime factors of 7731698?
2, 13, 41, 7253
List the prime factors of 1877253.
3, 7, 89393
What are the prime factors of 1150580?
2, 5, 57529
What are the prime factors of 8121512?
2, 7, 17, 19, 449
List the prime factors of 821409.
3, 273803
What are the prime factors of 2306270?
2, 5, 167, 1381
List the prime factors of 1467432.
2, 3, 89, 229
List the prime factors of 4050042.
2, 3, 761, 887
What are the prime factors of 10404930?
2, 3, 5, 346831
What are the prime factors of 1522598?
2, 7, 11, 9887
What are the prime factors of 736652?
2, 7, 26309
List the prime factors of 12981104.
2, 19, 42701
List the prime factors of 8898.
2, 3, 1483
What are the prime factors of 214690?
2, 5, 7, 3067
List the prime factors of 554207.
554207
What are the prime factors of 41085?
3, 5, 11, 83
List the prime factors of 1111359.
3, 61, 6073
What are the prime factors of 90122?
2, 45061
What are the prime factors of 1803512?
2, 59, 3821
List the prime factors of 1370849.
47, 29167
List the prime factors of 518727.
3, 11, 1429
What are the prime factors of 78202?
2, 61, 641
List the prime factors of 2740025.
5, 127, 863
What are the prime factors of 28419075?
3, 5, 126307
List the prime factors of 1778335.
5, 13, 109, 251
List the prime factors of 141718.
2, 59, 1201
What are the prime factors of 2142793?
2142793
What are the prime factors of 34323100?
2, 5, 7, 49033
List the prime factors of 2573824.
2, 11, 457
What are the prime factors of 226893?
3, 53, 1427
List the prime factors of 12969476.
2, 13, 19, 13127
List the prime factors of 224196.
2, 3, 7, 17, 157
What are the prime factors of 702880?
2, 5, 23, 191
What are the prime factors of 437859?
3, 16217
What are the prime factors of 131468?
2, 23, 1429
What are the prime factors of 1881525?
3, 5, 25087
List the prime factors of 309546.
2, 3, 29, 593
List the prime factors of 27944142.
2, 3, 823, 5659
List the prime factors of 44856.
2, 3, 7, 89
List the prime factors of 93254.
2, 7, 6661
List the prime factors of 1498606.
2, 19, 113, 349
What are the prime factors of 3314781?
3, 97, 3797
What are the prime factors of 204384?
2, 3, 2129
List the prime factors of 1323294.
2, 3, 7, 643
List the prime factors of 24921.
3, 13, 71
List the prime factors of 606175.
5, 24247
What are the prime factors of 563601?
3, 17, 43, 257
What are the prime factors of 1530903?
3, 11, 23, 2017
What are the prime factors of 66642?
2, 3, 29, 383
List the prime factors of 22714215.
3, 5, 19, 79699
List the prime factors of 1151434.
2, 575717
List the prime factors of 4337757.
3, 19, 25367
List the prime factors of 1200847.
31, 38737
What are the prime factors of 14468?
2, 3617
What are the prime factors of 171549?
3, 7, 389
List the prime factors of 129972.
2, 3, 10831
List the prime factors of 112034.
2, 13, 31, 139
List the prime factors of 6752743.
311, 21713
List the prime factors of 2221641.
3, 107, 769
What are the prime factors of 466337?
79, 5903
List the prime factors of 289344.
2, 3, 11, 137
What are the prime factors of 3531177?
3, 13, 30181
List the prime factors of 75658.
2, 11, 19, 181
What are the prime factors of 556674?
2, 3, 92779
What are the prime factors of 5399285?
5, 17, 63521
List the prime factors of 1467966.
2, 3, 89, 2749
What are the prime factors of 38712?
2, 3, 1613
List the prime factors of 4822439.
29, 179, 929
What are the prime factors of 20696411?
20696411
What are the prime factors of 178851?
3, 59617
What are the prime factors of 1085582?
2, 542791
What are the prime factors of 18608?
2, 1163
List the prime factors of 8269371.
3, 11, 9281
List the prime factors of 271359.
3, 11, 2741
List the prime factors of 370849.
223, 1663
What are the prime factors of 36129018?
2, 3, 839, 7177
List the prime factors of 1801476.
2, 3, 163, 307
List the prime factors of 1255618.
2, 7, 13, 6899
What are the prime factors of 1159854?
2, 3, 61, 3169
What are the prime factors of 2593307?
1091, 2377
What are the prime factors of 782711?
782711
What are the prime factors of 12304378?
2, 6152189
List the prime factors of 9697545.
3, 5, 11, 13, 137
List the prime factors of 8815782.
2, 3, 397, 3701
What are the prime factors of 973071?
3, 11, 9829
What are the prime factors of 5420586?
2, 3, 17, 19, 2797
What are the prime factors of 156432?
2, 3, 3259
What are the prime factors of 1029633?
3, 11, 41, 761
List the prime factors of 392074.
2, 43, 47, 97
What are the prime factors of 1565470?
2, 5, 37, 4231
List the prime factors of 9671178.
2, 3, 11, 23, 277
What are the prime factors of 22943252?
2, 43, 133391
List the prime factors of 1659788.
2, 13, 59, 541
What are the prime factors of 1410433?
73, 139
List the prime factors of 121355.
5, 13, 1867
List the prime factors of 8024304.
2, 3, 167173
What are the prime factors of 7572590?
2, 5, 757259
What are the prime factors of 62867?
7, 1283
What are the prime factors of 2187962?
2, 7, 131, 1193
List the prime factors of 1110400.
2, 5, 347
List the prime factors of 150014.
2, 107, 701
What are the prime factors of 3560998?
2, 7, 23, 11059
List the prime factors of 50081.
61, 821
List the prime factors of 10750057.
10750057
List the prime factors of 2413324.
2, 89, 6779
What are the prime factors of 75086?
2, 11, 3413
What are the prime factors of 907297?
907297
List the prime factors of 1537513.
1537513
What are the prime factors of 284652?
2, 3, 7907
What are the prime factors of 2349332?
2, 17, 34549
What are the prime factors of 240681?
3, 7, 73, 157
What are the prime factors of 25120178?
2, 12560089
What are the prime factors of 3793039?
3793039
List the prime factors of 919610.
2, 5, 91961
List the prime factors of 31318569.
3, 42961
What are the prime factors of 722899?
722899
List the prime factors of 329883.
3, 109961
List the prime factors of 279901.
113, 2477
What are the prime factors of 202199?
241, 839
What are the prime factors of 1180194?
2, 3, 196699
What are the prime factors of 5073944?
2, 71, 8933
List the prime factors of 1724130.
2, 3, 5, 19157
What are the prime factors of 227476?
2, 29, 37, 53
What are the prime factors of 1474662?
2, 3, 7, 35111
List the prime factors of 4348076.
2, 1087019
What are the prime factors of 5826333?
3, 1942111
What are the prime factors of 436194?
2, 3, 11, 2203
List the prime factors of 84267.
3, 3121
List the prime factors of 1121874.
2, 3, 13, 19, 757
What are the prime factors of 7545763?
41, 184043
List the prime factors of 2746742.
2, 1373371
What are the prime factors of 3700942?
2, 7, 264353
List the prime factors of 418249.
13, 32173
What are the prime factors of 233678?